26847
List the prime factors of 47891936.
2, 41, 173, 211
What are the prime factors of 3228679601?
7, 461239943
List the prime factors of 1362853411.
79, 218371
What are the prime factors of 128828271?
3, 11, 13, 300299
What are the prime factors of 1081404642?
2, 3, 419, 443, 971
List the prime factors of 2188673.
2188673
What are the prime factors of 3326792458?
2, 11, 17, 983, 9049
What are the prime factors of 35864072?
2, 4483009
What are the prime factors of 312680901?
3, 13, 8017459
List the prime factors of 127796602.
2, 23, 43, 64609
List the prime factors of 1081368948.
2, 3, 11, 137, 59797
List the prime factors of 23293066.
2, 23, 173, 2927
What are the prime factors of 214283592?
2, 3, 1097, 2713
List the prime factors of 29037195.
3, 5, 11, 58661
What are the prime factors of 139642053?
3, 389, 119659
List the prime factors of 1511664488.
2, 59, 3202679
List the prime factors of 2015730608.
2, 29, 31, 43, 3259
List the prime factors of 582512846.
2, 197, 1478459
What are the prime factors of 335687389?
17, 607, 32531
What are the prime factors of 2496621502?
2, 97, 383, 33601
What are the prime factors of 89186837?
5861, 15217
What are the prime factors of 236649124?
2, 43, 271, 5077
What are the prime factors of 133031197?
13, 47, 217727
What are the prime factors of 114957947?
13, 8842919
List the prime factors of 261347345.
5, 7, 1381, 5407
What are the prime factors of 67527792?
2, 3, 101, 4643
List the prime factors of 176345752.
2, 11, 29, 43, 1607
What are the prime factors of 175313291?
23, 7622317
What are the prime factors of 7298762?
2, 661, 5521
List the prime factors of 2056747.
7, 11, 26711
List the prime factors of 306299102.
2, 29, 5281019
List the prime factors of 371939596.
2, 7, 419, 647
What are the prime factors of 187530559?
29, 1609, 4019
What are the prime factors of 1034538141?
3, 7, 13, 29, 149, 877
List the prime factors of 3156812600.
2, 5, 601, 26263
What are the prime factors of 211789?
211789
What are the prime factors of 3725672878?
2, 139, 3169, 4229
List the prime factors of 2828718762.
2, 3, 471453127
List the prime factors of 235497808.
2, 7, 13, 161743
What are the prime factors of 1003679401?
1987, 505123
What are the prime factors of 44270591?
59, 137, 5477
What are the prime factors of 145082714?
2, 7, 163, 63577
List the prime factors of 385924039.
385924039
What are the prime factors of 26014045?
5, 71, 127, 577
List the prime factors of 102470663.
79, 997, 1301
What are the prime factors of 62520730?
2, 5, 17, 61, 6029
What are the prime factors of 3545991598?
2, 1772995799
What are the prime factors of 673412700?
2, 3, 5, 41, 53, 1033
List the prime factors of 211884482.
2, 105942241
List the prime factors of 152224746.
2, 3, 2113, 12007
What are the prime factors of 82872274?
2, 41436137
List the prime factors of 115404822.
2, 3, 13, 19, 101, 257
What are the prime factors of 159519896?
2, 19, 1049473
List the prime factors of 1175789644.
2, 293947411
List the prime factors of 44514444.
2, 3, 13, 71, 4019
List the prime factors of 22619489.
22619489
List the prime factors of 58056724.
2, 11, 29, 173, 263
List the prime factors of 46304992.
2, 1447031
List the prime factors of 561863325.
3, 5, 2549, 2939
What are the prime factors of 330617586?
2, 3, 13, 4238687
List the prime factors of 22633257.
3, 61, 337, 367
List the prime factors of 55500864.
2, 3, 289067
What are the prime factors of 72505248?
2, 3, 691, 1093
List the prime factors of 4874196372.
2, 3, 43, 9446117
List the prime factors of 3115085488.
2, 673, 289291
List the prime factors of 30627913.
83, 463, 797
What are the prime factors of 30195388?
2, 7548847
List the prime factors of 54384464.
2, 691, 4919
List the prime factors of 4005851263.
19, 337, 625621
What are the prime factors of 12873500?
2, 5, 25747
What are the prime factors of 992795010?
2, 3, 5, 2521, 13127
What are the prime factors of 4838591701?
167, 28973603
What are the prime factors of 29326596?
2, 3, 13, 53, 3547
List the prime factors of 1448635866.
2, 3, 241439311
List the prime factors of 94007633.
67, 401, 3499
List the prime factors of 3235460.
2, 5, 161773
List the prime factors of 294694940.
2, 5, 19, 775513
List the prime factors of 80360834.
2, 863, 46559
List the prime factors of 187273480.
2, 5, 31, 151027
What are the prime factors of 805980234?
2, 3, 17, 7901767
List the prime factors of 461160028.
2, 7, 23, 716087
List the prime factors of 5263286745.
3, 5, 350885783
What are the prime factors of 113183630?
2, 5, 7, 101, 2287
What are the prime factors of 360042465?
3, 5, 193, 124367
What are the prime factors of 1436275293?
3, 43, 11133917
What are the prime factors of 4202916546?
2, 3, 19, 23, 1602943
List the prime factors of 414367289.
7, 71, 833737
What are the prime factors of 397996520?
2, 5, 17, 585289
What are the prime factors of 122150816?
2, 3817213
What are the prime factors of 109958118?
2, 3, 137, 133769
List the prime factors of 1774589703.
3, 181, 3268121
What are the prime factors of 53422213?
13, 4109401
List the prime factors of 32363372.
2, 8090843
What are the prime factors of 152666839?
13, 11743603
What are the prime factors of 205408587?
3, 68469529
List the prime factors of 331298183.
67, 1103, 4483
List the prime factors of 1188081762.
2, 3, 7, 1597, 17713
What are the prime factors of 3686976726?
2, 3, 6421, 95701
What are the prime factors of 317896626?
2, 3, 47, 593, 1901
What are the prime factors of 1967642589?
3, 11, 571, 863
What are the prime factors of 368876175?
3, 5, 353, 13933
What are the prime factors of 158193891?
3, 17, 114883
List the prime factors of 5220931821.
3, 7, 71, 500233
What are the prime factors of 608340371?
293, 643, 3229
What are the prime factors of 1326872739?
3, 442290913
List the prime factors of 3691975624.
2, 109, 683, 6199
What are the prime factors of 237874808?
2, 29734351
List the prime factors of 407595933.
3, 45288437
What are the prime factors of 170033009?
170033009
List the prime factors of 386949824.
2, 991, 6101
What are the prime factors of 22967059?
157, 241, 607
What are the prime factors of 996649180?
2, 5, 19, 2622761
List the prime factors of 27659426.
2, 13829713
List the prime factors of 4947153538.
2, 19, 31, 1381, 3041
What are the prime factors of 1718250?
2, 3, 5, 29, 79
List the prime factors of 93818686.
2, 13, 317, 11383
What are the prime factors of 550357960?
2, 5, 13758949
List the prime factors of 201525935.
5, 13, 353, 8783
List the prime factors of 40313294.
2, 7, 2879521
What are the prime factors of 16527976?
2, 2065997
What are the prime factors of 660101?
13, 50777
What are the prime factors of 44115434?
2, 11, 397, 5051
List the prime factors of 20373817.
61, 333997
List the prime factors of 430267067.
430267067
List the prime factors of 325106569.
10247, 31727
What are the prime factors of 183595937?
7, 17, 1542823
What are the prime factors of 42405073?
42405073
What are the prime factors of 86396720?
2, 5, 17, 63527
List the prime factors of 664770915.
3, 5, 29, 277, 613
What are the prime factors of 167788705?
5, 7, 4793963
List the prime factors of 111135764.
2, 103, 107, 2521
What are the prime factors of 486523145?
5, 31, 59, 53201
What are the prime factors of 573618561?
3, 83, 149, 15461
What are the prime factors of 4779327745?
5, 29, 59, 179, 3121
List the prime factors of 98860132.
2, 7, 89, 39671
List the prime factors of 2942872248.
2, 3, 1297, 94541
List the prime factors of 1928232771.
3, 642744257
What are the prime factors of 111682692?
2, 3, 11, 94009
What are the prime factors of 85539400?
2, 5, 211, 2027
List the prime factors of 152368539.
3, 173, 1697
What are the prime factors of 1540313840?
2, 5, 13, 1481071
List the prime factors of 1072251602.
2, 83, 127, 181, 281
List the prime factors of 2530233.
3, 41, 6857
What are the prime factors of 1176435576?
2, 3, 29, 62603
List the prime factors of 162540691.
109, 1491199
What are the prime factors of 137944200?
2, 3, 5, 149, 1543
List the prime factors of 40726233.
3, 37, 107, 127
What are the prime factors of 3099033897?
3, 1283, 805153
What are the prime factors of 4648897?
11, 422627
What are the prime factors of 891541859?
13, 263, 260761
What are the prime f